{"id":39,"date":"2011-12-31T21:11:50","date_gmt":"2011-12-31T21:11:50","guid":{"rendered":"http:\/\/176.9.29.233\/~paroqui3\/?page_id=39"},"modified":"2012-10-14T19:57:29","modified_gmt":"2012-10-14T19:57:29","slug":"santa-uncao","status":"publish","type":"page","link":"http:\/\/www.paroquiadoscanhas.pt\/?page_id=39","title":{"rendered":"Santa Un\u00e7\u00e3o"},"content":{"rendered":"<p><a href=\"http:\/\/paroquiadoscanhas.pt\/wp-content\/uploads\/2011\/12\/santa-uncao.jpg\"><img loading=\"lazy\" decoding=\"async\" class=\"aligncenter size-full wp-image-167\" title=\"santa uncao\" src=\"http:\/\/paroquiadoscanhas.pt\/wp-content\/uploads\/2011\/12\/santa-uncao.jpg\" alt=\"\" width=\"498\" height=\"270\" srcset=\"http:\/\/www.paroquiadoscanhas.pt\/wp-content\/uploads\/2011\/12\/santa-uncao.jpg 498w, http:\/\/www.paroquiadoscanhas.pt\/wp-content\/uploads\/2011\/12\/santa-uncao-300x162.jpg 300w\" sizes=\"auto, (max-width: 498px) 100vw, 498px\" \/><\/a><\/p>\n<p><a href=\"http:\/\/paroquiadoscanhas.pt\/wp-content\/uploads\/2011\/12\/santa-uncao-img.jpg\"><img loading=\"lazy\" decoding=\"async\" class=\"alignright size-full wp-image-232\" title=\"santa uncao img\" src=\"http:\/\/paroquiadoscanhas.pt\/wp-content\/uploads\/2011\/12\/santa-uncao-img.jpg\" alt=\"\" width=\"192\" height=\"254\" \/><\/a><\/p>\n<p>&nbsp;<\/p>\n<p style=\"text-align: justify;\">N\u00e3o deixemos de usufruir desta fonte de gra\u00e7a. Sempre que precisar, n\u00e3o deixe de procurar o sacerdote, para receber a gra\u00e7a da cura que vem do Sacramento da Santa Un\u00e7\u00e3o.<\/p>\n<p style=\"text-align: justify;\">No Evangelho, em muitas ocasi\u00f5es, Cristo tocou, ungiu e curou os doentes!<br \/>\n(Mt 9, 27-30; Mc 1, 40-42; Lc, 8, 51-56; Lc 5, 17-26; Jo 9, 1-7)<br \/>\nE quando enviou os ap\u00f3stolos na primeira miss\u00e3o disse: &#8220;Curai os doentes&#8221; (Mt 10, 7-8)<\/p>\n<p style=\"text-align: justify;\">Quando estivermos gravemente doentes podemos receber de Deus a for\u00e7a para superar o sofrimento, al\u00e9m da coragem e tranquilidade para enfrentar a morte. E, mais do que tudo, o perd\u00e3o para nossos pecados! \u00c9 o <strong>Sacramento da Un\u00e7\u00e3o dos Enfermos<\/strong>.<\/p>\n<p style=\"text-align: justify;\">Devemos chamar o Sacerdote que far\u00e1 a ora\u00e7\u00e3o, ungindo com \u00f3leo em nome do Senhor. Esta Ora\u00e7\u00e3o da F\u00e9 salvar\u00e1 os doentes\u00a0 e os pecados ser-lhe-\u00e3o perdoados.<\/p>\n<p style=\"text-align: justify;\">O Sacramento da Santa Un\u00e7\u00e3o pode ser recebido pelos crist\u00e3os, sempre que estiverem gravemente enfermos.<br \/>\nPodem receb\u00ea-lo novamente se a doen\u00e7a voltar a \u00a0agravar-se ou se correr risco de vida ou ainda, se j\u00e1 estiver muito velhinho.<\/p>\n<p>O Sacerdote, ao ministrar a un\u00e7\u00e3o dos enfermos, passa um \u00f3leo nas m\u00e3os e na testa do doente e diz esta linda ora\u00e7\u00e3o:<\/p>\n<p style=\"text-align: justify;\"><strong>&#8220;Por esta Santa Un\u00e7\u00e3o e pela Sua miseric\u00f3rdia, o Senhor venha\u00a0em teu aux\u00edlio com a gra\u00e7a do Esp\u00edrito Santo, para que, liberto dos teus pecados, Ele te salve e, na Sua bondade, alivie os teus sofrimentos.&#8221;<\/strong>\u00a0<\/p>\n","protected":false},"excerpt":{"rendered":"<p>&nbsp; N\u00e3o deixemos de usufruir desta fonte de gra\u00e7a. Sempre que precisar, n\u00e3o deixe de procurar o sacerdote, para receber a gra\u00e7a da cura que vem do Sacramento da Santa Un\u00e7\u00e3o. No Evangelho, em muitas ocasi\u00f5es, Cristo tocou, ungiu e &hellip; <a href=\"http:\/\/www.paroquiadoscanhas.pt\/?page_id=39\">Continue reading <span class=\"meta-nav\">&rarr;<\/span><\/a><\/p>\n","protected":false},"author":1,"featured_media":0,"parent":0,"menu_order":0,"comment_status":"closed","ping_status":"closed","template":"","meta":{"footnotes":""},"class_list":["post-39","page","type-page","status-publish","hentry"],"_links":{"self":[{"href":"http:\/\/www.paroquiadoscanhas.pt\/index.php?rest_route=\/wp\/v2\/pages\/39","targetHints":{"allow":["GET"]}}],"collection":[{"href":"http:\/\/www.paroquiadoscanhas.pt\/index.php?rest_route=\/wp\/v2\/pages"}],"about":[{"href":"http:\/\/www.paroquiadoscanhas.pt\/index.php?rest_route=\/wp\/v2\/types\/page"}],"author":[{"embeddable":true,"href":"http:\/\/www.paroquiadoscanhas.pt\/index.php?rest_route=\/wp\/v2\/users\/1"}],"replies":[{"embeddable":true,"href":"http:\/\/www.paroquiadoscanhas.pt\/index.php?rest_route=%2Fwp%2Fv2%2Fcomments&post=39"}],"version-history":[{"count":13,"href":"http:\/\/www.paroquiadoscanhas.pt\/index.php?rest_route=\/wp\/v2\/pages\/39\/revisions"}],"predecessor-version":[{"id":162,"href":"http:\/\/www.paroquiadoscanhas.pt\/index.php?rest_route=\/wp\/v2\/pages\/39\/revisions\/162"}],"wp:attachment":[{"href":"http:\/\/www.paroquiadoscanhas.pt\/index.php?rest_route=%2Fwp%2Fv2%2Fmedia&parent=39"}],"curies":[{"name":"wp","href":"https:\/\/api.w.org\/{rel}","templated":true}]}}