{"id":300,"date":"2012-01-20T20:48:22","date_gmt":"2012-01-20T20:48:22","guid":{"rendered":"http:\/\/176.9.29.233\/~paroqui3\/?page_id=300"},"modified":"2012-01-20T21:25:35","modified_gmt":"2012-01-20T21:25:35","slug":"pastoral-social-2","status":"publish","type":"page","link":"http:\/\/www.paroquiadoscanhas.pt\/?page_id=300","title":{"rendered":"Pastoral Social"},"content":{"rendered":"<p>Grupo de Voluntariado Social<\/p>\n<p>Confer\u00eancia de S. Vicente de Paulo<\/p>\n<p>Confrarias de Nossa Senhora<\/p>\n<p>Confrarias do Sant\u00edssimo Sacramento<\/p>\n<p>Centro Pastoral Paroquial &#8220;Casa do Ch\u00e1&#8221;<\/p>\n","protected":false},"excerpt":{"rendered":"<p>Grupo de Voluntariado Social Confer\u00eancia de S. Vicente de Paulo Confrarias de Nossa Senhora Confrarias do Sant\u00edssimo Sacramento Centro Pastoral Paroquial &#8220;Casa do Ch\u00e1&#8221;<\/p>\n","protected":false},"author":1,"featured_media":0,"parent":0,"menu_order":0,"comment_status":"closed","ping_status":"closed","template":"","meta":{"footnotes":""},"class_list":["post-300","page","type-page","status-publish","hentry"],"_links":{"self":[{"href":"http:\/\/www.paroquiadoscanhas.pt\/index.php?rest_route=\/wp\/v2\/pages\/300","targetHints":{"allow":["GET"]}}],"collection":[{"href":"http:\/\/www.paroquiadoscanhas.pt\/index.php?rest_route=\/wp\/v2\/pages"}],"about":[{"href":"http:\/\/www.paroquiadoscanhas.pt\/index.php?rest_route=\/wp\/v2\/types\/page"}],"author":[{"embeddable":true,"href":"http:\/\/www.paroquiadoscanhas.pt\/index.php?rest_route=\/wp\/v2\/users\/1"}],"replies":[{"embeddable":true,"href":"http:\/\/www.paroquiadoscanhas.pt\/index.php?rest_route=%2Fwp%2Fv2%2Fcomments&post=300"}],"version-history":[{"count":4,"href":"http:\/\/www.paroquiadoscanhas.pt\/index.php?rest_route=\/wp\/v2\/pages\/300\/revisions"}],"predecessor-version":[{"id":349,"href":"http:\/\/www.paroquiadoscanhas.pt\/index.php?rest_route=\/wp\/v2\/pages\/300\/revisions\/349"}],"wp:attachment":[{"href":"http:\/\/www.paroquiadoscanhas.pt\/index.php?rest_route=%2Fwp%2Fv2%2Fmedia&parent=300"}],"curies":[{"name":"wp","href":"https:\/\/api.w.org\/{rel}","templated":true}]}}