{"id":24,"date":"2011-12-31T21:07:32","date_gmt":"2011-12-31T21:07:32","guid":{"rendered":"http:\/\/176.9.29.233\/~paroqui3\/?page_id=24"},"modified":"2012-03-19T00:25:33","modified_gmt":"2012-03-19T00:25:33","slug":"vida-na-paroquia","status":"publish","type":"page","link":"http:\/\/www.paroquiadoscanhas.pt\/?page_id=24","title":{"rendered":"Vida na par\u00f3quia"},"content":{"rendered":"<ul>\n<li><span style=\"text-decoration: underline;\"><span style=\"color: #3366ff; text-decoration: underline;\"><strong><a title=\"Eucaristia\" href=\"http:\/\/paroquiadoscanhas.pt\/?page_id=6\"><span style=\"color: #3366ff; text-decoration: underline;\">Eucaristia<\/span><\/a><\/strong><\/span><\/span><\/li>\n<li><strong><a title=\"Catequese\" href=\"http:\/\/paroquiadoscanhas.pt\/?page_id=27\">Catequese<\/a><\/strong><\/li>\n<li><strong><a title=\"Baptismo\" href=\"http:\/\/paroquiadoscanhas.pt\/?page_id=30\">Baptismo<\/a><\/strong><\/li>\n<li><strong><a title=\"Matrim\u00f3nio\" href=\"http:\/\/paroquiadoscanhas.pt\/?page_id=33\">Matrim\u00f3nio<\/a><\/strong><\/li>\n<li><strong><a title=\"Santa Un\u00e7\u00e3o\" href=\"http:\/\/paroquiadoscanhas.pt\/?page_id=39\">Santa Un\u00e7\u00e3o<\/a><\/strong><\/li>\n<li><strong><a title=\"Penit\u00eancia\" href=\"http:\/\/paroquiadoscanhas.pt\/?page_id=44\">Penit\u00eancia<\/a><\/strong><\/li>\n<li><strong><a title=\"Confirma\u00e7\u00e3o\" href=\"http:\/\/paroquiadoscanhas.pt\/?page_id=54\">Confirma\u00e7\u00e3o<\/a><\/strong><\/li>\n<\/ul>\n<p><span style=\"font-size: 14px; line-height: 23px;\"><br \/>\n<\/span><\/p>\n","protected":false},"excerpt":{"rendered":"<p>Eucaristia Catequese Baptismo Matrim\u00f3nio Santa Un\u00e7\u00e3o Penit\u00eancia Confirma\u00e7\u00e3o<\/p>\n","protected":false},"author":1,"featured_media":0,"parent":0,"menu_order":0,"comment_status":"closed","ping_status":"closed","template":"","meta":{"footnotes":""},"class_list":["post-24","page","type-page","status-publish","hentry"],"_links":{"self":[{"href":"http:\/\/www.paroquiadoscanhas.pt\/index.php?rest_route=\/wp\/v2\/pages\/24","targetHints":{"allow":["GET"]}}],"collection":[{"href":"http:\/\/www.paroquiadoscanhas.pt\/index.php?rest_route=\/wp\/v2\/pages"}],"about":[{"href":"http:\/\/www.paroquiadoscanhas.pt\/index.php?rest_route=\/wp\/v2\/types\/page"}],"author":[{"embeddable":true,"href":"http:\/\/www.paroquiadoscanhas.pt\/index.php?rest_route=\/wp\/v2\/users\/1"}],"replies":[{"embeddable":true,"href":"http:\/\/www.paroquiadoscanhas.pt\/index.php?rest_route=%2Fwp%2Fv2%2Fcomments&post=24"}],"version-history":[{"count":18,"href":"http:\/\/www.paroquiadoscanhas.pt\/index.php?rest_route=\/wp\/v2\/pages\/24\/revisions"}],"predecessor-version":[{"id":187,"href":"http:\/\/www.paroquiadoscanhas.pt\/index.php?rest_route=\/wp\/v2\/pages\/24\/revisions\/187"}],"wp:attachment":[{"href":"http:\/\/www.paroquiadoscanhas.pt\/index.php?rest_route=%2Fwp%2Fv2%2Fmedia&parent=24"}],"curies":[{"name":"wp","href":"https:\/\/api.w.org\/{rel}","templated":true}]}}