{"id":1409,"date":"2012-05-26T12:15:37","date_gmt":"2012-05-26T12:15:37","guid":{"rendered":"http:\/\/176.9.29.233\/~paroqui3\/?page_id=1409"},"modified":"2013-09-09T07:04:13","modified_gmt":"2013-09-09T07:04:13","slug":"oracao-da-manha","status":"publish","type":"page","link":"http:\/\/www.paroquiadoscanhas.pt\/?page_id=1409","title":{"rendered":"Ora\u00e7\u00e3o da manh\u00e3"},"content":{"rendered":"<p>Jesus<\/p>\n<p style=\"text-align: justify;\">No in\u00edcio deste novo dia em que com alegria sa\u00fado a luz e o orvalho fala-me do meu Deus, \u00a0ensina-me a rezar, a esperar e\u00a0a ter uma raz\u00e3o para viver. Dirijo-Te os primeiros\u00a0olhares\u00a0de agradecimento que saem do meu cora\u00e7\u00e3o por todas as gra\u00e7as que me concedeste durante a noite. Vigiaste o meu sono e acordaste-me com vida e sa\u00fade para Te amar e\u00a0Te servir.<\/p>\n<p><a href=\"http:\/\/paroquiadoscanhas.pt\/wp-content\/uploads\/2012\/05\/ora\u00e7\u00e3o-da-manh\u00e3-1.gif\"><img loading=\"lazy\" decoding=\"async\" class=\"alignright  wp-image-1414\" title=\"ora\u00e7\u00e3o da manh\u00e3 1\" alt=\"\" src=\"http:\/\/paroquiadoscanhas.pt\/wp-content\/uploads\/2012\/05\/ora\u00e7\u00e3o-da-manh\u00e3-1.gif\" width=\"330\" height=\"268\" srcset=\"http:\/\/www.paroquiadoscanhas.pt\/wp-content\/uploads\/2012\/05\/ora\u00e7\u00e3o-da-manh\u00e3-1.gif 588w, http:\/\/www.paroquiadoscanhas.pt\/wp-content\/uploads\/2012\/05\/ora\u00e7\u00e3o-da-manh\u00e3-1-300x243.gif 300w\" sizes=\"auto, (max-width: 330px) 100vw, 330px\" \/><\/a><\/p>\n<p style=\"text-align: justify;\">Rezar \u00e9 conversar Contigo, \u00e9 abrir o meu cora\u00e7\u00e3o para Te falar dos anseios, dos projectos, l\u00e1grimas, ang\u00fastias, preocupa\u00e7\u00f5es\u00a0e das\u00a0tristezas do dia.<\/p>\n<p style=\"text-align: justify;\">Ensina-me a caminhar na estrada da vida e d\u00e1-me um cora\u00e7\u00e3o do tamanho do Teu, para que eu saiba viver este dia como instrumento da\u00a0Tua gra\u00e7a e da\u00a0Tua paz, oferecendo todas as ac\u00e7\u00f5es, gestos \u00a0e palavras, para\u00a0Teu louvor e gl\u00f3ria.<\/p>\n<p style=\"text-align: justify;\">Ajuda-me a viver animada pela F\u00e9\u00a0 e pe\u00e7o-Te sa\u00fade, for\u00e7a, coragem, paz e sabedoria, tamb\u00e9m para a minha fam\u00edlia\u00a0e para os meus amigos.<\/p>\n<p><a href=\"http:\/\/www.paroquiadoscanhas.pt\/wp-content\/uploads\/2012\/05\/r.bmp\"><img loading=\"lazy\" decoding=\"async\" class=\"alignright  wp-image-3825\" alt=\"r\" src=\"http:\/\/www.paroquiadoscanhas.pt\/wp-content\/uploads\/2012\/05\/r.bmp\" width=\"279\" height=\"320\" \/><\/a><\/p>\n<p style=\"text-align: justify;\">Consola\u00a0 os que sofrem e\u00a0os que n\u00e3o t\u00eam casa, nem p\u00e3o, nem Te conhecem. D\u00e1-lhes a paz de que eles tanto precisam e\u00a0aceita-os ao teu lado. Protege-os.<\/p>\n<p style=\"text-align: justify;\">Ajuda-me a \u00a0olhar o mundo com olhos cheios de amor e\u00a0 a ser paciente, compreensiva e\u00a0prudente. Cerra\u00a0os meus ouvidos a toda a cal\u00fania e guarda as minhas\u00a0palavras\u00a0de toda a maldade. D\u00e1-me inspira\u00e7\u00e3o, discernimento, sabedoria, perseveran\u00e7a e tudo o que eu mais precisar para seguir com a miss\u00e3o que\u00a0Tu\u00a0me confiaste.<\/p>\n<p style=\"text-align: justify;\">Entrego\u00a0nas Tuas \u00a0m\u00e3os o meu trabalho, as alegrias,\u00a0as desilus\u00f5es e o cansa\u00e7o deste dia. Preserva-me do pecado e de todo o mal e que a\u00a0 Tua gra\u00e7a esteja comigo.<\/p>\n<p style=\"text-align: justify;\">Ajuda-me a levar a Tua presen\u00e7a aos que de mim, hoje, se acercarem.<\/p>\n<p align=\"left\">Pai Nosso<\/p>\n<p>Gl\u00f3ria ao Pai<\/p>\n<p style=\"text-align: right;\">I.A.<\/p>\n<p style=\"text-align: right;\">26-05-2012<\/p>\n","protected":false},"excerpt":{"rendered":"<p>Jesus No in\u00edcio deste novo dia em que com alegria sa\u00fado a luz e o orvalho fala-me do meu Deus, \u00a0ensina-me a rezar, a esperar e\u00a0a ter uma raz\u00e3o para viver. Dirijo-Te os primeiros\u00a0olhares\u00a0de agradecimento que saem do meu cora\u00e7\u00e3o &hellip; <a href=\"http:\/\/www.paroquiadoscanhas.pt\/?page_id=1409\">Continue reading <span class=\"meta-nav\">&rarr;<\/span><\/a><\/p>\n","protected":false},"author":1,"featured_media":0,"parent":0,"menu_order":0,"comment_status":"closed","ping_status":"closed","template":"","meta":{"footnotes":""},"class_list":["post-1409","page","type-page","status-publish","hentry"],"_links":{"self":[{"href":"http:\/\/www.paroquiadoscanhas.pt\/index.php?rest_route=\/wp\/v2\/pages\/1409","targetHints":{"allow":["GET"]}}],"collection":[{"href":"http:\/\/www.paroquiadoscanhas.pt\/index.php?rest_route=\/wp\/v2\/pages"}],"about":[{"href":"http:\/\/www.paroquiadoscanhas.pt\/index.php?rest_route=\/wp\/v2\/types\/page"}],"author":[{"embeddable":true,"href":"http:\/\/www.paroquiadoscanhas.pt\/index.php?rest_route=\/wp\/v2\/users\/1"}],"replies":[{"embeddable":true,"href":"http:\/\/www.paroquiadoscanhas.pt\/index.php?rest_route=%2Fwp%2Fv2%2Fcomments&post=1409"}],"version-history":[{"count":35,"href":"http:\/\/www.paroquiadoscanhas.pt\/index.php?rest_route=\/wp\/v2\/pages\/1409\/revisions"}],"predecessor-version":[{"id":4802,"href":"http:\/\/www.paroquiadoscanhas.pt\/index.php?rest_route=\/wp\/v2\/pages\/1409\/revisions\/4802"}],"wp:attachment":[{"href":"http:\/\/www.paroquiadoscanhas.pt\/index.php?rest_route=%2Fwp%2Fv2%2Fmedia&parent=1409"}],"curies":[{"name":"wp","href":"https:\/\/api.w.org\/{rel}","templated":true}]}}