{"id":1187,"date":"2012-05-06T18:02:06","date_gmt":"2012-05-06T18:02:06","guid":{"rendered":"http:\/\/176.9.29.233\/~paroqui3\/?page_id=1187"},"modified":"2012-05-06T21:21:26","modified_gmt":"2012-05-06T21:21:26","slug":"oracoes-a-nossa-senhora","status":"publish","type":"page","link":"http:\/\/www.paroquiadoscanhas.pt\/?page_id=1187","title":{"rendered":"Ora\u00e7\u00f5es a Nossa Senhora"},"content":{"rendered":"<h3><a href=\"http:\/\/paroquiadoscanhas.pt\/wp-content\/uploads\/2012\/05\/25.jpg\"><img loading=\"lazy\" decoding=\"async\" class=\"alignright size-full wp-image-1213\" title=\"25\" src=\"http:\/\/paroquiadoscanhas.pt\/wp-content\/uploads\/2012\/05\/25.jpg\" alt=\"\" width=\"180\" height=\"226\" \/><\/a>Magnificat<\/h3>\n<p>A minha alma glorifica o Senhor *<br \/>\nE o meu esp\u00edrito se alegra em Deus, meu Salvador.<\/p>\n<p>Porque p\u00f4s os olhos na humildade da sua Serva: *<br \/>\nDe hoje em diante me chamar\u00e3o bem aventurada todas as gera\u00e7\u00f5es.<br \/>\nO Todo-Poderoso fez em mim maravilhas: *<br \/>\nSanto \u00e9 o seu nome.<\/p>\n<p>A sua miseric\u00f3rdia se estende de gera\u00e7\u00e3o em gera\u00e7\u00e3o *<br \/>\nSobre aqueles que o temem.<br \/>\nManifestou o poder do seu bra\u00e7o *<br \/>\nE dispersou os soberbos.<\/p>\n<p>Derrubou os poderosos de seus tronos *<br \/>\nE exaltou os humildes.<br \/>\nAos famintos encheu de bens *<br \/>\nE aos ricos despediu de m\u00e3os vazias.<\/p>\n<p>Acolheu a Israel, seu servo, *<br \/>\nLembrado da sua miseric\u00f3rdia,<br \/>\nComo tinha prometido a nossos pais, *<br \/>\nA Abra\u00e3o e \u00e0 sua descend\u00eancia para sempre<\/p>\n<div>Gl\u00f3ria ao Pai e ao Filho *<br \/>\nE ao Esp\u00edrito Santo,<br \/>\nComo era no princ\u00edpio, *<br \/>\nAgora e sempre.<br \/>\n\u00c1men.<\/div>\n<div>\u00a0<\/div>\n<h3>Lada\u00ednha a Nossa Senhora<\/h3>\n<p>Senhor, tende piedade de n\u00f3s. (Repete-se)<br \/>\nJesus Cristo, tende piedade de n\u00f3s. (Repete-se)<br \/>\nSenhor, tende piedade de n\u00f3s. (Repete-se)<\/p>\n<p>Jesus Cristo, ouvi-nos. (Repete-se)<br \/>\nJesus Cristo, atendei-nos. (Repete-se)<\/p>\n<p>Pai celeste que sois Deus, tende piedade de n\u00f3s.<br \/>\nFilho, Redentor do mundo, que sois Deus, tende piedade de n\u00f3s.<br \/>\nEsp\u00edrito Santo, que sois Deus, tende piedade de n\u00f3s.<br \/>\nSant\u00edssima Trindade, que sois um s\u00f3 Deus, tende piedade de n\u00f3s.<\/p>\n<p>Santa Maria, rogai por n\u00f3s.<br \/>\nSanta M\u00e3e de Deus, rogai por n\u00f3s.<br \/>\nSanta Virgem das Virgens, rogai por n\u00f3s.<\/p>\n<p>M\u00e3e de Jesus Cristo, rogai por n\u00f3s.<br \/>\nM\u00e3e da divina gra\u00e7a, rogai por n\u00f3s.<br \/>\nM\u00e3e pur\u00edssima, rogai por n\u00f3s.<br \/>\nM\u00e3e cast\u00edssima, rogai por n\u00f3s.<br \/>\nM\u00e3e imaculada, rogai por n\u00f3s.<br \/>\nM\u00e3e intacta, rogai por n\u00f3s.<br \/>\nM\u00e3e am\u00e1vel, rogai por n\u00f3s.<br \/>\nM\u00e3e admir\u00e1vel, rogai por n\u00f3s.<br \/>\nM\u00e3e do bom conselho, rogai por n\u00f3s.<br \/>\nM\u00e3e do Criador, rogai por n\u00f3s.<br \/>\nM\u00e3e do Salvador, rogai por n\u00f3s.<br \/>\nM\u00e3e da Igreja, rogai por n\u00f3s.<\/p>\n<p>Virgem prudent\u00edssima, rogai por n\u00f3s.<br \/>\nVirgem vener\u00e1vel, rogai por n\u00f3s.<br \/>\nVirgem louv\u00e1vel, rogai por n\u00f3s.<br \/>\nVirgem poderosa, rogai por n\u00f3s.<br \/>\nVirgem clemente, rogai por n\u00f3s.<br \/>\nVirgem fiel, rogai por n\u00f3s.<\/p>\n<p>Espelho de justi\u00e7a, rogai por n\u00f3s.<br \/>\nSede de sabedoria, rogai por n\u00f3s.<br \/>\nCausa da nossa alegria, rogai por n\u00f3s.<br \/>\nVaso espiritual, rogai por n\u00f3s.<br \/>\nVaso honor\u00edfico, rogai por n\u00f3s.<br \/>\nVaso insigne de devo\u00e7\u00e3o, rogai por n\u00f3s.<br \/>\nRosa m\u00edstica, rogai por n\u00f3s.<br \/>\nTorre de David, rogai por n\u00f3s.<br \/>\nTorre de marfim, rogai por n\u00f3s.<br \/>\nCasa de ouro, rogai por n\u00f3s.<br \/>\nArca da alian\u00e7a, rogai por n\u00f3s.<br \/>\nPorta do c\u00e9u, rogai por n\u00f3s.<br \/>\nEstrela da manh\u00e3, rogai por n\u00f3s.<br \/>\nSa\u00fade dos enfermos, rogai por n\u00f3s.<br \/>\nRef\u00fagio dos pecadores, rogai por n\u00f3s.<br \/>\nConsoladora dos aflitos, rogai por n\u00f3s.<br \/>\nAux\u00edlio dos crist\u00e3os, rogai por n\u00f3s.<\/p>\n<p>Rainha dos anjos, rogai por n\u00f3s.<br \/>\nRainha dos patriarcas, rogai por n\u00f3s.<br \/>\nRainha dos profetas, rogai por n\u00f3s.<br \/>\nRainha dos ap\u00f3stolos, rogai por n\u00f3s.<br \/>\nRainha dos m\u00e1rtires, rogai por n\u00f3s.<br \/>\nRainha dos confessores, rogai por n\u00f3s.<br \/>\nRainha das virgens, rogai por n\u00f3s.<br \/>\nRainha de todos os santos, rogai por n\u00f3s.<br \/>\nRainha concebida sem pecado original, rogai por n\u00f3s.<br \/>\nRainha elevada ao c\u00e9u em corpo e alma, rogai por n\u00f3s.<br \/>\nRainha do sacrat\u00edssimo Ros\u00e1rio, rogai por n\u00f3s.<br \/>\nRainha da paz, rogai por n\u00f3s.<\/p>\n<p>Cordeiro de Deus, que tirais os pecados do mundo, perdoai-nos Senhor.<br \/>\nCordeiro de Deus, que tirais os pecados do mundo, ouvi-nos Senhor.<br \/>\nCordeiro de Deus, que tirais os pecados do mundo, tende piedade de n\u00f3s.<\/p>\n<p>V. Rogai por n\u00f3s, Santa M\u00e3e de Deus,<br \/>\nR. Para que sejamos dignos das promessas de Cristo.<\/p>\n<div>Oremos.<br \/>\nSenhor Deus, n\u00f3s Vos suplicamos que concedais aos vossos servos perp\u00e9tua sa\u00fade de alma e de corpo; e que, pela gloriosa intercess\u00e3o da bem-aventurada sempre Virgem Maria, sejamos livres da presente tristeza e gozemos da eterna alegria. Por Cristo Nosso Senhor.<br \/>\n\u00c1men.<\/div>\n<div>\u00a0<\/div>\n<div>\n<h3>Ora\u00e7\u00e3o a Nossa Senhora de F\u00e1tima<a href=\"http:\/\/paroquiadoscanhas.pt\/wp-content\/uploads\/2012\/05\/Nossa-Senhora-de-Fatima1.jpg\"><img loading=\"lazy\" decoding=\"async\" class=\"alignright size-full wp-image-1215\" title=\"Nossa-Senhora-de-Fatima1\" src=\"http:\/\/paroquiadoscanhas.pt\/wp-content\/uploads\/2012\/05\/Nossa-Senhora-de-Fatima1.jpg\" alt=\"\" width=\"260\" height=\"330\" srcset=\"http:\/\/www.paroquiadoscanhas.pt\/wp-content\/uploads\/2012\/05\/Nossa-Senhora-de-Fatima1.jpg 260w, http:\/\/www.paroquiadoscanhas.pt\/wp-content\/uploads\/2012\/05\/Nossa-Senhora-de-Fatima1-236x300.jpg 236w\" sizes=\"auto, (max-width: 260px) 100vw, 260px\" \/><\/a><\/h3>\n<div>\u00a0<\/div>\n<div>Sant\u00edssima Virgem, que nos montes de F\u00e1tima vos dignastes revelar aos tr\u00eas pastorinhos os tesouros de gra\u00e7as que podemos alcan\u00e7ar, rezando o santo ros\u00e1rio, ajudai-nos a apreciar sempre mais esta santa ora\u00e7\u00e3o, a fim de que, meditando os mist\u00e9rios da nossa reden\u00e7\u00e3o, alcancemos as gra\u00e7as que insistentemente vos pedimos (pedir a gra\u00e7a). \u00d3 meu bom Jesus, perdoai-nos, livrai-nos do fogo do inferno, levai as almas todas para o c\u00e9u e socorrei principalmente as que mais precisarem. Nossa Senhora do Ros\u00e1rio de F\u00e1tima, rogai por n\u00f3s.<br \/>\n\u00c1men.<\/div>\n<div>\u00a0<\/div>\n<h3>Ora\u00e7\u00e3o a Nossa Senhora (<em>S. Bernardo<\/em>)<\/h3>\n<div>\u00a0<\/div>\n<div>Lembrai-Vos, \u00f3 pi\u00edssima Virgem Maria, que nunca se ouviu dizer que algum daqueles que t\u00eam recorrido \u00e0 vossa protec\u00e7\u00e3o, implorado a vossa assist\u00eancia, e reclamado o vosso socorro, fosse por V\u00f3s desamparado. Animado eu, pois, de igual confian\u00e7a, a V\u00f3s, Virgem entre todas singular, como a M\u00e3e recorro, de V\u00f3s me valho e, gemendo sob o peso dos meus pecados, me prostro aos Vossos p\u00e9s. N\u00e3o desprezeis as minhas s\u00faplicas, \u00f3 M\u00e3e do Filho de Deus humanado, mas dignai-Vos de as ouvir prop\u00edcia e de me alcan\u00e7ar o que Vos rogo.<br \/>\n\u00c1men.<\/div>\n<div>\u00a0<\/div>\n<h3>Maria, M\u00e3e de Deus<\/h3>\n<p>\u00a0Av\u00e9, Maria, M\u00e3e de Deus,<br \/>\ntesouro venerado de todo o universo,<br \/>\nluz que n\u00e3o se extingue,<br \/>\nde quem nasceu o Sol da Justi\u00e7a,<br \/>\nceptro da verdade, templo indestrut\u00edvel.<\/p>\n<div>\n<p>Av\u00e9, Maria,<br \/>\nmorada daquele que nenhum lugar cont\u00e9m,<br \/>\nque fizeste crescer uma espiga<br \/>\nque nunca murchar\u00e1.<\/p>\n<p>Por ti, \u00e9 aben\u00e7oado, no Evangelho,<br \/>\naquele que vem em nome do Senhor.<br \/>\nPor ti, a Trindade \u00e9 glorificada,<br \/>\npor ti, a Cruz \u00e9 adorada no universo inteiro.<br \/>\nPor ti, exultam os c\u00e9us,<br \/>\npor ti, a humanidade ca\u00edda foi levantada.<br \/>\nPor ti, o mundo inteiro conheceu finalmente a Verdade.<br \/>\nPor ti, em toda a terra, fundaram-se igrejas.<br \/>\nPor ti, o Filho \u00danico de Deus<br \/>\nfez resplandecer a sua luz<br \/>\nsobre os que estavam nas trevas,<br \/>\nsentados na sombra da morte.<br \/>\nPor ti, os ap\u00f3stolos puderam anunciar<br \/>\na salva\u00e7\u00e3o \u00e0s na\u00e7\u00f5es.<\/p>\n<p>Como cantar dignamente o teu louvor,<br \/>\n\u00f3 M\u00e3e de Deus,<br \/>\npor quem a terra inteira vibra de alegria?\u00a0<\/p>\n<\/div>\n<h3>Consagra\u00e7\u00e3o ao Imaculado Cora\u00e7\u00e3o de Maria<\/h3>\n<div>\u00a0<\/div>\n<div>Virgem Maria, M\u00e3e de Deus e nossa M\u00e3e, ao vosso Cora\u00e7\u00e3o Imaculado nos consagramos, em acto de entrega total ao Senhor. Por V\u00f3s seremos levados a Cristo. Por Ele e com Ele seremos levados ao Pai. Caminharemos \u00e0 luz da f\u00e9 e faremos tudo para que o mundo creia que Jesus Cristo \u00e9 o Enviado do Pai. Com Ele queremos levar o Amor e a Salva\u00e7\u00e3o at\u00e9 aos confins do mundo. Sob a protec\u00e7\u00e3o do vosso Cora\u00e7\u00e3o Imaculado seremos um s\u00f3 povo com Cristo. Seremos testemunhas da Sua ressurrei\u00e7\u00e3o. Por Ele seremos levados ao Pai, para gl\u00f3ria da Sant\u00edssima Trindade, a Quem adoramos, louvamos e bendizemos.<br \/>\n\u00c1men.<\/div>\n<h3>Consagra\u00e7\u00e3o da casa a Nossa Senhora Auxiliadora<\/h3>\n<div>\u00a0<\/div>\n<div>\u00d3 Sant\u00edssima Virgem Maria, a quem Deus constituiu auxiliadora dos crist\u00e3os, n\u00f3s vos escolhemos como Senhora e Protectora desta casa. Dignai-vos mostrar aqui e nas casas dos nossos familiares, vosso aux\u00edlio poderoso. Preservai estas casas de todo o perigo: do inc\u00eandio, da inunda\u00e7\u00e3o, do raio, das tempestades, dos ladr\u00f5es, dos malfeitores, da guerra e de todas as outras calamidades que conheceis. Aben\u00e7oai, protegei, defendei, guardai como coisa vossa as pessoas que vivem nestas casas. Sobretudo concedei-lhes a gra\u00e7a mais importante: a de viverem sempre na amizade de Deus evitando o pecado. Dai-lhes a f\u00e9 que tivestes na palavra de Deus e o amor que nutristes para com o Vosso Divino Filho Jesus e para com todos aqueles pelos quais Ele morreu na cruz. Maria Aux\u00edlio dos crist\u00e3os, rogai por todos os que vivem nestas casas que vos foram consagradas.<br \/>\n\u00c1men.<\/div>\n<div>\u00a0<\/div>\n<div>\n<h3>Ora\u00e7\u00e3o a Nossa Senhora da Agonia<\/h3>\n<div>\u00a0<\/div>\n<div>\u00d3 Maria, Rainha dos M\u00e1rtires,<br \/>\nSenhora da Agonia,V\u00f3s que permanecestes de p\u00e9<br \/>\njunto \u00e0 Cruz de Vosso Divino Filho JESUS e,<br \/>\n\u00e0s Suas palavras<br \/>\n&#8220;Mulher, eis o Teu Filho&#8221;<br \/>\ne &#8220;Filho, eis Tua M\u00e3e&#8221;<br \/>\ntornastes-Vos nossa M\u00c3E,<br \/>\nacolhei, com bondade,<br \/>\na nossa prece filial.\u00d3 Senhora da Agonia,<br \/>\nassim como o disc\u00edpulo<br \/>\nVos acolheu em sua casa,<br \/>\ntamb\u00e9m n\u00f3s queremos<br \/>\nabrir-vos as portas dos nossos cora\u00e7\u00f5es,<br \/>\ndos nossos lares,<br \/>\nconsagrando-vos toda a nossa vida:<br \/>\npassada, presente e futura.<br \/>\nExercei, pois, vossa fun\u00e7\u00e3o de M\u00e3e,<br \/>\nensinando-nos a viver,<br \/>\nem todos os momentos,<br \/>\na vontade de Deus,<br \/>\nlevando-nos, assim,<br \/>\na imitar o vosso SIM de Nazar\u00e9,<br \/>\nque culminou com o SIM do Calv\u00e1rio.Vinde, \u00f3 M\u00e3e,<br \/>\nem socorro de nossas ang\u00fastias,<br \/>\nn\u00e3o permitindo que nos desviemos<br \/>\ndo caminho do bem,<br \/>\nda verdade, do amor!<br \/>\nConduzi nossas vidas<br \/>\nao porto seguro da salva\u00e7\u00e3o,<br \/>\nque \u00e9 Jesus!<br \/>\nOusando somar nossas agonias \u00e0s Vossas,<br \/>\ndiante desta dificuldade&#8230;(dizer o pedido),<br \/>\nrecorremos \u00e0 Vossa maternal protec\u00e7\u00e3o,<br \/>\ncom a confian\u00e7a<br \/>\nde que n\u00e3o ficaremos<br \/>\ndecepcionados em nossas s\u00faplicas. Amen.Nossa Senhora da Agonia,<br \/>\nrogai por n\u00f3s.<br \/>\n\u00c1men.<\/div>\n<\/div>\n<h3>Consagra\u00e7\u00e3o da fam\u00edlia a Nossa Senhora<\/h3>\n<p>\u00d3 Virgem Imaculada, n\u00f3s vos consagramos hoje o nosso lar e todos os que nele habitam. Que a nossa casa seja, como a de Nazar\u00e9, uma morada de paz e de felicidade na pr\u00e1tica da caridade no pleno abandono \u00e0 Divina Provid\u00eancia. Sede o nosso modelo, \u00f3 Maria, regrai nossos pensamentos, nossos actos e toda a nossa vida. \u00c9 bem med\u00edocre o tributo do nosso amor, mas v\u00f3s aceitareis, pelo menos, a homenagem de nossa boa vontade.<\/p>\n<p>Rezar Tr\u00eas Av\u00e9 Maria<\/p>\n<div>\u00d3 Maria, concebida sem pecado, rogai por n\u00f3s que recorremos a v\u00f3s.<\/div>\n<h3>Ora\u00e7\u00e3o a Nossa Senhora Auxiliadora<\/h3>\n<p>\u00d3 Sant\u00edssima e Imaculada Virgem Maria, tern\u00edssima M\u00e3e nossa e poderoso Aux\u00edlio dos Crist\u00e3os, n\u00f3s nos consagramos inteiramente ao vosso doce amor e ao vosso santo servi\u00e7o. Consagramo-vos a mente com seus pensamentos, o cora\u00e7\u00e3o com seus afectos, o corpo com seus sentidos e com todas as suas for\u00e7as, e prometemos querer sempre trabalhar para a maior gl\u00f3ria de Deus e a salva\u00e7\u00e3o das almas. V\u00f3s, entretanto, \u00f3 Virgem incompar\u00e1vel, que fostes sempre a Auxiliadora do povo crist\u00e3o, continuai, por piedade, a mostrar-vos tal, especialmente nestes dias. Humilhai os inimigos de nossa Santa Religi\u00e3o e frustrai seus perversos intentos. Iluminai e fortificai os Bispos e os Sacerdotes, e conservai-os sempre unidos e obedientes ao Papa, mestre infal\u00edvel; preservai da religi\u00e3o e do v\u00edcio a incauta mocidade; promovei as santas voca\u00e7\u00f5es e aumentai o n\u00famero dos ministros sagrados, a fim de que, por meio deles, se conserve o reino de Jesus Cristo entre n\u00f3s e se estenda at\u00e9 os \u00faltimos confins da terra. Suplicamo-vos tamb\u00e9m, \u00f3 dulc\u00edssima M\u00e3e nossa, lanceis continuamente vossos olhares piedosos sobre a incauta mocidade rodeada de tantos perigos, sobre os pobres pecadores e moribundos; sede para todos, \u00f3 Maria, doce esperan\u00e7a, M\u00e3e de miseric\u00f3rdia e Porta do C\u00e9u. Mas tamb\u00e9m por n\u00f3s vos suplicamos, \u00f3 grande M\u00e3e de Deus. Ensinai-nos a copiar em n\u00f3s vossas virtudes, e de um modo especial vossa ang\u00e9lica mod\u00e9stia, a fim de que, por quanto for poss\u00edvel, com nossa presen\u00e7a, com nossas palavras e com nosso exemplo, representemos ao vivo no meio do mundo a Jesus, vosso bendito Filho, vos fa\u00e7amos conhecer e amar, e possamos por este meio salvar muitas almas. Fazei mais, \u00f3 Maria Auxiliadora, que estejamos todos unidos debaixo do vosso maternal manto. Fazei que nas tenta\u00e7\u00f5es vos invoquemos logo com toda a confian\u00e7a. Fazei, enfim, que o pensamento de que sois t\u00e3o boa, t\u00e3o am\u00e1vel e t\u00e3o querida, a lembran\u00e7a do amor que tendes aos vossos devotos, nos conforte de tal modo que, na vida e na morte, saiamos vitoriosos contra os inimigos de nossa alma, e possamos depois unir-nos convosco no Para\u00edso.<br \/>\n\u00c1men.<\/p>\n<div>Maria, Aux\u00edlio dos Crist\u00e3os, rogai por n\u00f3s.<\/div>\n<h3>Ora\u00e7\u00e3o a Nossa Senhora da Boa Viagem<\/h3>\n<div>\u00a0<\/div>\n<div style=\"text-align: justify;\">Virgem Sant\u00edssima, Senhora da Boa Viagem, esperan\u00e7a infal\u00edvel dos filhos da Santa Igreja, sois guia e eficaz aux\u00edlio dos que transp\u00f5em a vida por entre os perigos do corpo e da alma.<br \/>\nRefugiando-nos sob o vosso olhar materno, empreendemos nossas viagens certos do \u00eaxito que obtivestes quando vos encaminhastes para visitar vossa prima Santa Isabel.<br \/>\nEm ascens\u00e3o crescente na pr\u00e1tica de todas as virtudes transcorrestes a vossa vida, at\u00e9 o ditoso momento de subirdes gloriosa para os c\u00e9us; n\u00f3s vos suplicamos pois, \u00f3 M\u00e3e querida: velai por n\u00f3s, indignos filhos vossos, alcan\u00e7ando-nos a gra\u00e7a de seguir os vossos passos, assistidos por Jesus e Jos\u00e9, na peregrina\u00e7\u00e3o desta vida e na hora derradeira de nossa partida para a eternidade.<br \/>\n\u00c1men.<\/div>\n<h3>Ora\u00e7\u00e3o a Nossa Senhora da Concei\u00e7\u00e3o<\/h3>\n<div>\u00a0<\/div>\n<div style=\"text-align: justify;\">Virgem Sant\u00edssima, que foste concebida sem o pecado original e por isto merecestes o t\u00edtulo de Nossa Senhora da Imaculada Concei\u00e7\u00e3o e por terdes evitado todos os outros pecados, o Anjo Gabriel vos saudou com as belas palavras: &#8220;Ave Maria, cheia de gra\u00e7a&#8221;; n\u00f3s vos pedimos que nos alcanceis do vosso divino Filho o aux\u00edlio necess\u00e1rio para vencermos as tenta\u00e7\u00f5es e evitarmos os pecados e, j\u00e1 que v\u00f3s chamamos de M\u00e3e, atendei-nos com carinho maternal e ajudai-nos a viver como dignos filhos vossos.<br \/>\nNossa Senhora da Concei\u00e7\u00e3o, rogai por n\u00f3s.<\/div>\n<div>\n<h3>Ora\u00e7\u00e3o a Nossa Senhora da Assun\u00e7\u00e3o<\/h3>\n<div>\u00a0<\/div>\n<div>De sol, \u00f3 Virgem, vestida, de branca lua cal\u00e7ada;<br \/>\nde doze estrela-coroas coroada.<br \/>\nA terra toda te canta, da morte Dominadora,<br \/>\nno c\u00e9u a ti temos, todos, Protetora.<br \/>\nFiel conserva os fi\u00e9is, procura a ovelha perdida.<br \/>\nBrilha na treva da morte, Lua e Vida.<br \/>\nAo pecador auxilia, ao triste, ao fraco, e ao pobre.<br \/>\nCom teu manto materno todos cobre!<br \/>\nLouvor \u00e0 excelsa Trindade que d\u00ea a coroa a quem ele fez M\u00e3e e Rainha nossa.<br \/>\nAm\u00e9m.<\/div>\n<\/div>\n<h3>Ora\u00e7\u00e3o a Nossa Senhora da Sa\u00fade<\/h3>\n<div>\u00a0<\/div>\n<div style=\"text-align: justify;\">Virgem pur\u00edssima, que sois a Sa\u00fade dos enfermos, o Ref\u00fagio dos pecadores, a Consoladora dos aflitos e a Despenseira de todas as gra\u00e7as, na minha fraqueza e no meu des\u00e2nimo apelo, hoje, para os tesouros da vossa miseric\u00f3rdia e bondade e atrevo-me a chamar-vos pelo doce nome de M\u00e3e. Sim, \u00f3 M\u00e3e, atendei-me em minha enfermidade, dai-me a sa\u00fade do corpo para que possa cumprir os meus deveres com \u00e2nimo e alegria, e com a mesma disposi\u00e7\u00e3o sirva o vosso Filho Jesus e agrade\u00e7a a v\u00f3s, Sa\u00fade dos enfermos.<br \/>\nNossa Senhora da Sa\u00fade, rogai por n\u00f3s.<br \/>\n\u00c1men.<\/div>\n<h3>Ora\u00e7\u00e3o a Nossa Senhora das Gra\u00e7as<\/h3>\n<div>\u00a0<\/div>\n<div style=\"text-align: justify;\">Eu vos sa\u00fado \u00f3 Maria, cheia de gra\u00e7a! Das vossas m\u00e3os voltadas para o mundo as gra\u00e7as chovem sobre n\u00f3s. Nossa Senhora das Gra\u00e7as, v\u00f3s sabeis quais as gra\u00e7as que s\u00e3o mais necess\u00e1rias para n\u00f3s; mas eu vos pe\u00e7o, de maneira especial, que me concedais esta que vos pe\u00e7o com todo o fervor da minha alma (pedir a gra\u00e7a). Jesus \u00e9 todo-poderoso e v\u00f3s sois a M\u00e3e dele; por isto, Nossa Senhora das Gra\u00e7as, confio e espero alcan\u00e7ar o que vos pe\u00e7o.<br \/>\n\u00c1men.<\/div>\n<h3>Ora\u00e7\u00e3o a Nossa Senhora de Lurdes<\/h3>\n<div>\u00a0<\/div>\n<div style=\"text-align: justify;\">\u00d3 Virgem pur\u00edssima, Nossa Senhora de Lurdes, que vos dignastes aparecer a Bernardete, no lugar solit\u00e1rio de uma gruta, para nos lembrar que \u00e9 no sossego e recolhimento que Deus nos fala e n\u00f3s falamos com Ele, ajudai-nos a encontrar o sossego e a paz da alma para nos ajudarem a conservar-nos sempre unidos em Deus. Nossa Senhora da gruta, dai-me a gra\u00e7a que vos pe\u00e7o e tanto preciso (pedir a gra\u00e7a). Nossa Senhora de Lurdes, rogai por n\u00f3s.<br \/>\n\u00c1men.\u00a0<\/div>\n<div style=\"text-align: justify;\">\u00a0<\/div>\n<h3>Ora\u00e7\u00e3o a Nossa Senhora do Carmo<\/h3>\n<div>\u00a0<\/div>\n<div style=\"text-align: justify;\">Bendita Imaculada Virgem Maria, beleza e gl\u00f3ria do Carmelo, v\u00f3s, que tratais<br \/>\nCom bondade inteiramente especial aqueles que se vestem com o vosso amant\u00edssimo h\u00e1bito, volvei sobre mim tamb\u00e9m um olhar prop\u00edcio, e cobri-me com o manto de vossa maternal protec\u00e7\u00e3o. Por vosso poder, fortificai a minha fraqueza, por vossa sabedoria esclarecei o meu esp\u00edrito, em mim aumentai a f\u00e9, a esperan\u00e7a e a caridade. Ornai a minha alma com gra\u00e7as e virtudes que a fa\u00e7am cara a vosso divino Filho e a v\u00f3s. Assisti-me durante a vida, consolai-me na morte por vossa am\u00e1vel presen\u00e7a, e apresentai-me \u00e0 augusta Trindade como vosso filho e servo dedicado, para vos louvar e bendizer eternamente.<br \/>\n\u00c1men.<\/div>\n<div>\u00a0<\/div>\n<div>\n<h3>Ora\u00e7\u00e3o a Nossa Senhora dos Navegantes<\/h3>\n<div>\u00a0<\/div>\n<div style=\"text-align: justify;\">\u00d3 Nossa Senhora dos Navegantes, M\u00e3e de Deus, criador do c\u00e9u, da terra, dos rios, lagos e mares; protegei-me em todas as minhas viagens. Que ventos, tempestades, raios e vagas, n\u00e3o perturbem a minha embarca\u00e7\u00e3o e que monstro nenhum, nem incidentes imprevistos causem altera\u00e7\u00e3o e atraso \u00e0 minha viagem, nem me desviem da rota tra\u00e7ada. Virgem Maria, Senhora dos Navegantes, minha vida \u00e9 a travessia de um mar furioso. As tenta\u00e7\u00f5es, os fracassos e as desilus\u00f5es s\u00e3o ondas impetuosas que amea\u00e7am afundar minha fr\u00e1gil embarca\u00e7\u00e3o no abismo do des\u00e2nimo e do desespero. Nossa Senhora dos Navegantes, nas horas de perigo eu penso em v\u00f3s e o medo desaparece; o \u00e2nimo e a disposi\u00e7\u00e3o de lutar e de vencer tornam a me fortalecer. Com a vossa prote\u00e7\u00e3o e a b\u00ean\u00e7\u00e3o de vosso Filho, a embarca\u00e7\u00e3o da minha vida h\u00e1 de ancorar segura e tranquila no porto da eternidade. Nossa Senhora dos Navegantes, rogai por n\u00f3s.<br \/>\nRezar 1 Pai Nosso, 3 Ave Maria e fazer o sinal da Cruz<\/div>\n<div style=\"text-align: justify;\">\u00a0<\/div>\n<\/div>\n<h3>Ora\u00e7\u00e3o a Nossa Senhora para protec\u00e7\u00e3o dos filhos<\/h3>\n<div>\u00a0<\/div>\n<div style=\"text-align: justify;\">Virgem Maria, nossa M\u00e3e!<br \/>\nFazei que os meus e Vossos filhos n\u00e3o se afastem do Caminho da Igreja, mas se isso acontecer providenciai o seu regresso.<br \/>\nPela Vossa Divina Gra\u00e7a dai-lhes protec\u00e7\u00e3o e apoiem todos os momentos das suas vidas, principalmente quando sentirem dificuldades, para que n\u00e3o desesperem e caiam em tenta\u00e7\u00e3o.<br \/>\nAjudai-os, M\u00e3e Sant\u00edssima.<\/div>\n<div style=\"text-align: justify;\">\u00a0<\/div>\n<h3>Ora\u00e7\u00e3o a Nossa Senhora, antes de uma viagem<\/h3>\n<div>\u00a0<\/div>\n<div style=\"text-align: justify;\">\u00d3 bondosa Santa Maria, que no teu peregrinar terreno conheceste as fadigas, e os perigos das viagens, protege estes teus filhos que v\u00e3o iniciar uma viagem, acompanha-os em todo momento, vela por seu bem-estar e por suas necessidades e ajuda a que cheguem bem ao seu destino.<br \/>\nQue assim seja.<\/div>\n<div style=\"text-align: justify;\">\u00a0<\/div>\n<h3>Ora\u00e7\u00e3o a Nossa Senhora, diante Das tenta\u00e7\u00f5es<\/h3>\n<div>\u00a0<\/div>\n<div style=\"text-align: justify;\">M\u00e3e querida, acolhe-me em teu rega\u00e7o, cobre-me com teu manto protector e, com esse doce carinho que tens por teus filhos, afasta de mim as ciladas do inimigo, e intercede intensamente para impedir que suas ast\u00facias me fa\u00e7am cair.<br \/>\nA ti me confio e em tua intercess\u00e3o espero.<br \/>\n\u00c1men.<\/div>\n<div style=\"text-align: justify;\">\u00a0<\/div>\n<div>\n<h3>Sauda\u00e7\u00e3o a Nossa Senhora (S. Francisco de Assis)<\/h3>\n<div>\u00a0<\/div>\n<div>Salve, \u00f3 Senhora Santa, Rainha Sant\u00edssima,<br \/>\nM\u00e3e de Deus, \u00f3 Maria, que sois Virgem feita igreja,<br \/>\neleita pelo Sant\u00edssimo Pai celestial,<br \/>\nque vos consagrou por seu Sant\u00edssimo e<br \/>\ndilecto Filho e o Esp\u00edrito Santo Par\u00e1clito.<br \/>\nEm v\u00f3s residiu e reside toda plenitude da gra\u00e7a e todo o bem.<br \/>\nSalve, \u00f3 pal\u00e1cio do Senhor!<br \/>\nSalve, \u00f3 tabern\u00e1culo do Senhor!<br \/>\nSalve, \u00f3 morada do Senhor!<br \/>\nSalve, \u00f3 manto do Senhor!<br \/>\nSalve, \u00f3 serva do Senhor!<br \/>\nSalve, \u00f3 m\u00e3e do Senhor!<br \/>\nE salve v\u00f3s todas, \u00f3 santas virtudes derramadas,<br \/>\npela gra\u00e7a e ilumina\u00e7\u00e3o do Esp\u00edrito Santo,<br \/>\nnos cora\u00e7\u00f5es dos fi\u00e9is, transformando-os de infi\u00e9is<br \/>\nem fi\u00e9is servos de Deus!<br \/>\nAmen.<\/div>\n<\/div>\n<p>&nbsp;<\/p>\n<p>\u00a0<br \/>\n\u00a0<\/p>\n<\/div>\n","protected":false},"excerpt":{"rendered":"<p>Magnificat A minha alma glorifica o Senhor * E o meu esp\u00edrito se alegra em Deus, meu Salvador. Porque p\u00f4s os olhos na humildade da sua Serva: * De hoje em diante me chamar\u00e3o bem aventurada todas as gera\u00e7\u00f5es. O &hellip; <a href=\"http:\/\/www.paroquiadoscanhas.pt\/?page_id=1187\">Continue reading <span class=\"meta-nav\">&rarr;<\/span><\/a><\/p>\n","protected":false},"author":1,"featured_media":0,"parent":0,"menu_order":0,"comment_status":"closed","ping_status":"open","template":"","meta":{"footnotes":""},"class_list":["post-1187","page","type-page","status-publish","hentry"],"_links":{"self":[{"href":"http:\/\/www.paroquiadoscanhas.pt\/index.php?rest_route=\/wp\/v2\/pages\/1187","targetHints":{"allow":["GET"]}}],"collection":[{"href":"http:\/\/www.paroquiadoscanhas.pt\/index.php?rest_route=\/wp\/v2\/pages"}],"about":[{"href":"http:\/\/www.paroquiadoscanhas.pt\/index.php?rest_route=\/wp\/v2\/types\/page"}],"author":[{"embeddable":true,"href":"http:\/\/www.paroquiadoscanhas.pt\/index.php?rest_route=\/wp\/v2\/users\/1"}],"replies":[{"embeddable":true,"href":"http:\/\/www.paroquiadoscanhas.pt\/index.php?rest_route=%2Fwp%2Fv2%2Fcomments&post=1187"}],"version-history":[{"count":13,"href":"http:\/\/www.paroquiadoscanhas.pt\/index.php?rest_route=\/wp\/v2\/pages\/1187\/revisions"}],"predecessor-version":[{"id":1189,"href":"http:\/\/www.paroquiadoscanhas.pt\/index.php?rest_route=\/wp\/v2\/pages\/1187\/revisions\/1189"}],"wp:attachment":[{"href":"http:\/\/www.paroquiadoscanhas.pt\/index.php?rest_route=%2Fwp%2Fv2%2Fmedia&parent=1187"}],"curies":[{"name":"wp","href":"https:\/\/api.w.org\/{rel}","templated":true}]}}